 14) to base 4
113011230
What is -12102202021 (base 3) in base 6?
-2143141
Convert 214011 (base 6) to base 11.
12349
-32313211 (base 5) to base 6
-5530012
What is 122000111121 (base 3) in base 11?
209746
What is 10b04 (base 12) in base 13?
a213
What is 312193 (base 15) in base 3?
11101200012110
1289cc (base 15) to base 9
1605563
Convert -4333404 (base 5) to base 8.
-220765
-185227 (base 9) to base 16
-1c2a9
Convert -10210102201 (base 3) to base 13.
-27cb2
What is 1fdd4 (base 16) in base 13?
47539
Convert -194a129 (base 13) to base 4.
-133223203200
-906626 (base 10) to base 4
-3131112002
What is 10110101110110010 (base 2) in base 13?
334c0
-101100110000010101 (base 2) to base 16
-2cc15
500522 (base 7) to base 3
11021122002
1206154 (base 7) to base 6
3142121
-10331022042 (base 5) to base 14
-16b38bc
-23a4cc (base 16) to base 13
-63a324
Convert 35564 (base 16) to base 15.
44ae8
What is -15b044 (base 13) in base 8?
-2033321
Convert -44341121 (base 6) to base 16.
-145f69
What is 343515212 (base 6) in base 16?
60bd38
65083 (base 15) to base 8
1162354
Convert 1c29c (base 14) to base 2.
10001100011000010
What is -2635724 (base 8) in base 5?
-142024322
11101100010011001100 (base 2) to base 12
3a8150
Convert 16507 (base 14) to base 10.
55867
92491 (base 10) to base 12
45637
What is 7207058 (base 10) in base 9?
14504202
4515154 (base 6) to base 11
146298
What is 111010011100000000 (base 2) in base 3?
110011100012
What is 2f3975 (base 16) in base 14?
5a7c45
What is -d67d (base 15) in base 14?
-1274b
What is -1165263 (base 7) in base 9?
-248666
-2439a8 (base 11) to base 12
-167376
-1d30b2 (base 14) to base 4
-3333101310
6703102 (base 8) to base 16
1b8642
What is -1226171 (base 10) in base 2?
-100101011010110111011
What is 20b2e6 (base 16) in base 12?
874172
Convert 2615b (base 16) to base 5.
14442440
What is -4b4035 (base 12) in base 9?
-2274675
109312 (base 12) to base 8
1005176
Convert -16be8 (base 15) to base 5.
-4323233
-1111100311 (base 4) to base 11
-219429
Convert -305045 (base 7) to base 16.
-cbc9
What is -101100100101001 (base 2) in base 7?
-123355
-269805 (base 12) to base 8
-2337505
What is 145155 (base 14) in base 16?
ac3c7
Convert 111022112221100 (base 3) to base 10.
7077087
Convert 122c (base 16) to base 3.
20101022
Convert -1000410522 (base 6) to base 8.
-46442522
195201 (base 11) to base 7
2355546
What is 505024 (base 7) in base 11?
59491
-11200033 (base 4) to base 12
-11067
Convert -14c1c0 (base 13) to base 5.
-112342401
Convert -1313168 (base 15) to base 12.
-47215bb
-a3483 (base 13) to base 2
-1000111100001111000
What is -103342101 (base 7) in base 3?
-102121220022200
Convert 17277246 (base 9) to base 10.
8672388
What is 8410 (base 10) in base 14?
30ca
What is 660738 (base 11) in base 15?
15c910
What is -550717 (base 8) in base 7?
-1366504
11223132 (base 6) to base 15
6c545
What is -284c26 (base 15) in base 3?
-10122120011100
Convert 3201548 (base 9) to base 6.
100421155
Convert -3a06a (base 11) to base 9.
-86546
What is 24a93c6 (base 13) in base 7?
166164613
-33b53b (base 12) to base 9
-1502412
Convert 2921a (base 11) to base 3.
2002221221
35505353 (base 6) to base 13
2cc8bc
Convert -100522445 (base 6) to base 4.
-12210111131
What is -23777 (base 12) in base 9?
-72451
-12020021100020 (base 3) to base 13
-764877
What is 30403403 (base 6) in base 11?
545a21
What is -10202102022101 (base 3) in base 5?
-1002334403
-2818322 (base 9) to base 16
-179e9a
21210432 (base 5) to base 12
87617
What is -210425010 (base 6) in base 4?
-32000331132
330502220 (base 6) to base 10
5918052
What is -48198 (base 15) in base 3?
-102200022122
10651 (base 10) to base 4
2212123
-44124412 (base 5) to base 15
-778c2
What is -5125247 (base 8) in base 10?
-1354407
What is 196bb03 (base 12) in base 14?
9db25d
Convert 121321032 (base 4) to base 11.
72760
Convert -31211a2 (base 12) to base 11.
-5248939
b2ed (base 15) to base 5
2202143
Convert 19079 (base 10) to base 9.
28148
31bc9 (base 13) to base 9
146283
b1220 (base 12) to base 11
1479a5
What is -1e97d (base 16) in base 2?
-11110100101111101
-4a69c5 (base 15) to base 9
-6634825
What is 1113220040 (base 5) in base 8?
11344356
Convert -163708 (base 12) to base 8.
-1345070
-13cbe0 (base 15) to base 13
-275571
2554557 (base 9) to base 10
1394305
What is -40020 (base 8) in base 6?
-203532
Convert -68c394 (base 16) to base 14.
-caa192
Convert 100001001010111 (base 2) to base 3.
212022000
72011 (base 10) to base 13
26a14
Convert 1681511 (base 9) to base 6.
32044531
-18c16 (base 13) to base 11
-33224
What is -224401334 (base 5) in base 11?
-631964
Convert 46240112 (base 7) to base 15.
54d062
-9365c0 (base 15) to base 11
-3a57082
What is -2236346 (base 8) in base 10?
-605414
What is 101110010111100110 (base 2) in base 4?
232113212
What is -7a832 (base 14) in base 10?
-297964
Convert -423241 (base 7) to base 16.
-11de2
What is -220102010000000 (base 3) in base 10?
-12973284
Convert -4173a (base 11) to base 14.
-1821b
What is 2399 (base 16) in base 15?
2a78
Convert 68179 (base 11) to base 7.
560521
What is 1011100101001000000110 (base 2) in base 11?
1793806
Convert -330080 (base 9) to base 12.
-95b46
Convert -11330630 (base 7) to base 12.
-40224b
-1345522 (base 7) to base 2
-101011110111000010
Convert -11214040440 (base 5) to base 2.
-110000001110101110101101
Convert 5d657 (base 14) to base 2.
110111111010001101
100110100011101111011100 (base 2) to base 6
1000351404
What is 2212112212210 (base 3) in base 13?
415a25
Convert -10011011100001111 (base 2) to base 5.
-10022011
What is -403351212 (base 6) in base 4?
-122101301120
Convert -122402435 (base 6) to base 3.
-11110010111012
Convert -543641 (base 8) to base 3.
-100020220022
Convert -28549 (base 11) to base 8.
-117214
Convert -40253 (base 9) to base 10.
-26454
What is 1110112001110 (base 3) in base 10?
777882
Convert 5572a35 (base 11) to base 9.
20340152
What is -d68c8 (base 14) in base 15?
-a357b
What is 3515003 (base 7) in base 15?
8aa6b
What is 220002110 (base 3) in base 6?
213150
What is -42570 (base 13) in base 5?
-12311244
Convert 6586b9 (base 15) to base 6.
251405403
-35324330 (base 6) to base 7
-12230664
Convert -150302 (base 7) to base 2.
-111000100100001
What is -3c195 (base 13) in base 15?
-23443
Convert -1010100111001000100011 (base 2) to base 16.
-2a7223
-e96b (base 16) to base 15
-12a8a
131186 (base 14) to base 15
ce620
What is -234fef (base 16) in base 3?
-11100120111222
203431 (base 8) to base 16
10719
Convert 39121 (base 13) to base 9.
170831
-11000111001100111 (base 2) to base 8
-307147
Convert 2aa707 (base 12) to base 3.
1100202012121
What is 3d970d (base 16) in base 7?
46210554
-161222466 (base 7) to base 15
-e48a39
14a4 (base 11) to base 3
2122110
5435515 (base 6) to base 5
32111133
Convert 287425 (base 10) to base 8.
1061301
Convert -103721 (base 8) to base 7.
-203240
Convert 230e94 (base 15) to base 9.
3131154
What is -301110102 (base 5) in base 12?
-495491
Convert 100011001100010101111000 (base 2) to base 14.
132214c
What is -10bec (base 15) in base 6?
-1050510
a6b1a (base 14) to base 3
202110112200
-1573c0 (base 15) to base 10
-1036980
What is 4061555 (base 8) in base 4?
10012031231
-63145210 (base 7) to base 12
-1948144
Convert 46141b (base 12) to base 10.
1122071
Convert -203565 (base 10) to base 2.
-110001101100101101
What is 101011202021 (base 3) in base 10?
200293
Convert -96205 (base 11) to base 16.
-222e2
What is 20323102220 (base 4) in base 11?
13590a0
3a79be (base 16) to base 9
7180770
-127ed2 (base 16) to base 7
-13205601
What is -3140202113 (base 5) in base 14?
-c2dd69
What is 1244442 (base 6) in base 7?
403331
What is 5babb (base 14) in base 9?
371721
b8a17 (base 14) to base 16
6d02d
What is 643512 (base 9) in base 12?
165885
Convert -20220101122000 (base 3) to base 2.
-1101111111101100110011
-111130233 (base 5) to base 9
-825345
Convert 110010101000011110101101 (base 2) to base 11.
7546229
What is 10012110201112 (base 3) in base 10?
1702013
1435420 (base 6) to base 15
19859
What is -2a58a (base 11) in base 4?
-22210133
1a111 (base 12) to base 9
57324
Convert -10210020112220 (base 3) to base 8.
-7532432
Convert -b669a5 (base 14) to base 9.
-12535625
-180380 (base 9) to base 8
-332354
43023621 (base 7) to base 3
20212121022220
Convert -